{"id":37973,"date":"2023-12-18T08:45:40","date_gmt":"2023-12-18T07:45:40","guid":{"rendered":"https:\/\/le12.ma\/fr\/?page_id=37973"},"modified":"2023-12-18T09:24:38","modified_gmt":"2023-12-18T08:24:38","slug":"les-previsions-meteorologiques-pour-ce-lundi-18-decembre-2023","status":"publish","type":"page","link":"https:\/\/le12.ma\/fr\/les-previsions-meteorologiques-pour-ce-lundi-18-decembre-2023\/","title":{"rendered":"les pr\u00e9visions m\u00e9t\u00e9orologiques pour ce lundi 18 d\u00e9cembre 2023"},"content":{"rendered":"<h2><strong>Voici les pr\u00e9visions m\u00e9t\u00e9orologiques \u00e9tablies par la Direction g\u00e9n\u00e9rale de la m\u00e9t\u00e9orologie pour le lundi 18 d\u00e9cembre 2023:<\/strong><\/h2>\n<p><strong>&#8211;<a href=\"https:\/\/www.meteomaroc.com\/meteo\/kenitra\">Temps<\/a> assez froid \u00e0 froid avec gel\u00e9e sur les reliefs, les hauts plateaux, l\u2019oriental et le sud est la matin\u00e9e et la nuit.<\/strong><\/p>\n<p><strong>-Ciel demeurant passag\u00e8rement nuageux avec gouttes \u00e9parses sur l\u2019oriental, la rive m\u00e9diterran\u00e9enne et le Rif.<\/strong><\/p>\n<p><strong>&#8211;<a href=\"https:\/\/le12.ma\/fr\/les-previsions-meteorologiques-pour-ce-vendredi-15-decembre-2023\/\">Formations<\/a> brumeuses locales sur les c\u00f4tes Centre et le nord de l\u2019oriental.<\/strong><\/p>\n<p><strong>-Rafales de vent assez fortes sur le sud avec chasse-sables assez fr\u00e9quentes.<\/strong><\/p>\n<p><strong>-Temp\u00e9ratures minimales de l\u2019ordre de -05\/01\u00b0C sur les hauts plateaux orientaux, l\u2019Atlas et ses versants sud-est, de 01\/08\u00b0C sur le Rif, les r\u00e9gions int\u00e9rieures, le nord de l\u2019oriental, l\u2019extr\u00eame sud-est et sur le nord-est des provinces sud et de 09\/15\u00b0C sur le reste du pays.<\/strong><\/p>\n<p><strong>-Temp\u00e9ratures maximales en baisse sur la majeure partie du pays.<\/strong><\/p>\n<p><strong>-Mer peu agit\u00e9e \u00e0 agit\u00e9e en m\u00e9diterran\u00e9e et sur le D\u00e9troit, ainsi qu\u2019au long du littoral atlantique.<\/strong><\/p>\n","protected":false},"excerpt":{"rendered":"<p>Voici les pr\u00e9visions m\u00e9t\u00e9orologiques \u00e9tablies par la Direction g\u00e9n\u00e9rale de la m\u00e9t\u00e9orologie pour le lundi 18 d\u00e9cembre 2023: &#8211;Temps assez froid \u00e0 froid avec gel\u00e9e sur les reliefs, les hauts plateaux, l\u2019oriental et le sud est la matin\u00e9e et la nuit. -Ciel demeurant passag\u00e8rement nuageux avec gouttes \u00e9parses sur l\u2019oriental, la rive m\u00e9diterran\u00e9enne et le [&hellip;]<\/p>\n","protected":false},"author":2,"featured_media":29763,"parent":0,"menu_order":0,"comment_status":"closed","ping_status":"closed","template":"","meta":[],"yst_prominent_words":[1597,3296,1737,98,1156,1595,1237],"_links":{"self":[{"href":"https:\/\/le12.ma\/fr\/wp-json\/wp\/v2\/pages\/37973"}],"collection":[{"href":"https:\/\/le12.ma\/fr\/wp-json\/wp\/v2\/pages"}],"about":[{"href":"https:\/\/le12.ma\/fr\/wp-json\/wp\/v2\/types\/page"}],"author":[{"embeddable":true,"href":"https:\/\/le12.ma\/fr\/wp-json\/wp\/v2\/users\/2"}],"replies":[{"embeddable":true,"href":"https:\/\/le12.ma\/fr\/wp-json\/wp\/v2\/comments?post=37973"}],"version-history":[{"count":1,"href":"https:\/\/le12.ma\/fr\/wp-json\/wp\/v2\/pages\/37973\/revisions"}],"predecessor-version":[{"id":37974,"href":"https:\/\/le12.ma\/fr\/wp-json\/wp\/v2\/pages\/37973\/revisions\/37974"}],"wp:featuredmedia":[{"embeddable":true,"href":"https:\/\/le12.ma\/fr\/wp-json\/wp\/v2\/media\/29763"}],"wp:attachment":[{"href":"https:\/\/le12.ma\/fr\/wp-json\/wp\/v2\/media?parent=37973"}],"wp:term":[{"taxonomy":"yst_prominent_words","embeddable":true,"href":"https:\/\/le12.ma\/fr\/wp-json\/wp\/v2\/yst_prominent_words?post=37973"}],"curies":[{"name":"wp","href":"https:\/\/api.w.org\/{rel}","templated":true}]}}

les prévisions météorologiques pour ce lundi 18 décembre 2023

<h2><strong>Voici les prévisions météorologiques établies par la Direction générale de la météorologie pour le lundi 18 décembre 2023:</strong></h2>
<p><strong>&#8211;<a href="https://www.meteomaroc.com/meteo/kenitra">Temps</a> assez froid à froid avec gelée sur les reliefs, les hauts plateaux, l’oriental et le sud est la matinée et la nuit.</strong></p>
<p><strong>-Ciel demeurant passagèrement nuageux avec gouttes éparses sur l’oriental, la rive méditerranéenne et le Rif.</strong></p>
<p><strong>&#8211;<a href="https://le12.ma/fr/les-previsions-meteorologiques-pour-ce-vendredi-15-decembre-2023/">Formations</a> brumeuses locales sur les côtes Centre et le nord de l’oriental.</strong></p>
<p><strong>-Rafales de vent assez fortes sur le sud avec chasse-sables assez fréquentes.</strong></p>
<p><strong>-Températures minimales de l’ordre de -05/01°C sur les hauts plateaux orientaux, l’Atlas et ses versants sud-est, de 01/08°C sur le Rif, les régions intérieures, le nord de l’oriental, l’extrême sud-est et sur le nord-est des provinces sud et de 09/15°C sur le reste du pays.</strong></p>
<p><strong>-Températures maximales en baisse sur la majeure partie du pays.</strong></p>
<p><strong>-Mer peu agitée à agitée en méditerranée et sur le Détroit, ainsi qu’au long du littoral atlantique.</strong></p>

<p>Voici les prévisions météorologiques établies par la Direction générale de la météorologie pour le lundi 18 décembre 2023: &#8211;Temps assez froid à froid avec gelée sur les reliefs, les hauts plateaux, l’oriental et le sud est la matinée et la nuit. -Ciel demeurant passagèrement nuageux avec gouttes éparses sur l’oriental, la rive méditerranéenne et le [&hellip;]</p>
